{"id":2994,"date":"2023-07-17T17:32:26","date_gmt":"2023-07-17T17:32:26","guid":{"rendered":"https:\/\/gamble-online-aus.org\/best-payout-pokies-2-2\/"},"modified":"2023-07-17T17:32:26","modified_gmt":"2023-07-17T17:32:26","slug":"best-payout-pokies-2-2","status":"publish","type":"page","link":"https:\/\/gamble-online-aus.org\/can\/best-payout-pokies-2-2\/","title":{"rendered":"POKIES EN L\u00cdNIA MILLOR PAGAMENT, CASINO EN L\u00cdNIA AUSTRALIAN\u00c7 MILLOR PAGAMENT EL 2023"},"content":{"rendered":"<?xml encoding=\"utf-8\" ?><br><section class=\"jfadd164\">\n La taxa de pagament del casino &eacute;s l&rsquo;&agrave;rea principal a analitzar per a tots els jugadors australians que busquen el millor casino en l&iacute;nia de pagament per gastar una mica de massa. Per tant, com obtenir aquesta informaci&oacute;? La mateixa pregunta s&rsquo;adre&ccedil;a a la taxa de pagament de pokies. Cada lloc de casino mostra un percentatge de pagament mensual a la seva p&agrave;gina d&rsquo;inici; tots els desenvolupadors de programari de PC de casino en l&iacute;nia tenen detalls similars sobre els seus pokies, i ho trobar&agrave;s per tu mateix. Per&ograve; ara us oferim fer perdre el vostre temps tamb&eacute; per comprovar la nostra revisi&oacute; imparcial amb tota la informaci&oacute; actual necess&agrave;ria en un sol lloc!<br>\n <\/section><section class=\"jfadd164\">\n<h2 class=\"jfad486a\">\n MILLOR PAGAMENT CASINO EN L&Iacute;NIA AUSTRALIA 2026<br>\n <\/h2>\n<p> <img decoding=\"async\" src=\"https:\/\/gamble-online-aus.org\/wp-content\/uploads\/2022\/02\/parimatch-logo.png\"><\/p>\n<p> <img decoding=\"async\" src=\"https:\/\/gamble-online-aus.org\/wp-content\/uploads\/2022\/02\/rocket_logo_new.png\"><\/p>\n<p> <img decoding=\"async\" src=\"https:\/\/gamble-online-aus.org\/wp-content\/uploads\/2022\/02\/spin_samurai.png\"><\/p>\n<h2 class=\"jfad486a\">\n ELS MILLORS POKIES AUSSIES<br>\n <\/h2>\n<div class=\"jfadaf9\">\n<div class=\"jfadfec jfade0e\">\n<div class=\"jfadf87\">\n<div class=\"jfadbb4 jfad1bc6\">\n<div class=\"jfad539\">\n<p> <img decoding=\"async\" class=\"categories-item-icon lazyloaded\" src=\"https:\/\/gamble-online-aus.org\/wp-content\/uploads\/2022\/02\/megaways-pokies.png\" data-ll-status=\"loaded\"><\/p>\n<p> <img decoding=\"async\" class=\"categories-item-icon lazyloaded\" src=\"https:\/\/gamble-online-aus.org\/wp-content\/uploads\/2022\/02\/mobile-pokies.png\" data-ll-status=\"loaded\"><\/p>\n<p> <img decoding=\"async\" class=\"categories-item-icon lazyloaded\" src=\"https:\/\/gamble-online-aus.org\/wp-content\/uploads\/2022\/02\/new-pokies.png\" data-ll-status=\"loaded\"><\/p><\/div>\n<\/div>\n<\/div>\n<\/div>\n<div class=\"jfadfec jfade0e\">\n<div class=\"jfadf87\">\n<div class=\"jfadbb4 jfad1bc6\"><\/div>\n<\/div>\n<\/div>\n<div class=\"jfadfec jfade0e\">\n<div class=\"jfadf87\">\n<div class=\"jfadbb4 jfad1bc6\">\n<div class=\"jfad539\">\n<p> <img decoding=\"async\" class=\"categories-item-icon lazyloaded\" src=\"https:\/\/gamble-online-aus.org\/wp-content\/uploads\/2022\/02\/real-money-pokies.png\" data-ll-status=\"loaded\"><\/p>\n<p> <img decoding=\"async\" class=\"categories-item-icon lazyloaded\" src=\"https:\/\/gamble-online-aus.org\/wp-content\/uploads\/2022\/02\/safe-pokies.png\" data-ll-status=\"loaded\"><\/p>\n<p> <img decoding=\"async\" class=\"categories-item-icon lazyloaded\" src=\"https:\/\/gamble-online-aus.org\/wp-content\/uploads\/2022\/02\/5x-pay-pokies.png\" data-ll-status=\"loaded\"><\/p><\/div>\n<div>\n<h2>\n ELS MILLORS POKIES EN L&Iacute;NIA DE PAGAMENT A AUSTRALIA!<br>\n <\/h2>\n<p>   La taxa de pagament &eacute;s un terme que trobareu molt al llarg del vostre temps com a jugador d&rsquo;atzar a la web i, tot i que pot semblar complicat, &eacute;s un concepte extremadament senzill. La taxa de pagament pot ser el percentatge de diners que probablement l&rsquo;escurabutxaques o la butxaca tornaran a tornar a una persona durant un per&iacute;ode determinat. Tamb&eacute; es pot considerar com l&rsquo;alternativa dels avantatges de la casa. Si la casa inclou un avantatge del 4% en un t&iacute;tol de joc, la taxa de pagament, l&rsquo;import total que probablement rebr&agrave;s del que has posat, podria ser del 96%.<br>\n <img decoding=\"async\" src=\"https:\/\/gamble-online-aus.org\/wp-content\/uploads\/2022\/02\/best-payout-casinos.png\"><\/p>\n<h3 id=\"1\">\n QUINA TARIFA DE PAGAMENT &Eacute;S BAIXA?<br>\n <\/h3>\n<p>   Les taxes de pagament en pokies amb diners reals poden variar d&rsquo;un joc a un altre, per&ograve; la major part d&rsquo;aquestes estan programades per tenir una taxa de pagament d&rsquo;entre el 82 i el 98% de possibilitats de guanyar. A grans trets, moltes m&agrave;quines escurabutxaques del mercat podrien tenir una taxa de pagament superior al 90% avui en dia, de manera que qualsevol cosa que sigui inferior a aix&ograve; &eacute;s m&eacute;s &uacute;til evitar.<\/p>\n<h3 id=\"2\">\n QUINA TARIFA DE PAGAMENT &Eacute;S ALTA?<br>\n <\/h3>\n<p>   Algunes m&agrave;quines escurabutxaques tenen una taxa de pagament incre&iuml;blement alta i, per tant, s&oacute;n excel&middot;lents per jugar durant un temps. Si un pokie inclou una taxa de pagament del 95% o m&eacute;s, llavors &eacute;s un que ha d&rsquo;estar al vostre conjunt de normals per jugar. Tot i que &eacute;s rar, n&rsquo;hi ha alguns que poden ser una mica superiors al 98% disponibles.<\/p>\n<h2>\n CASINO EN L&Iacute;NIA DE PAGO M&Eacute;S ALTO D&rsquo;AUSTR&Agrave;LIA<br>\n <\/h2>\n<h3>\n FAIR GO<br>\n <\/h3>\n<p>   Fair GO &eacute;s un dels millors casinos en l&iacute;nia d&rsquo;Austr&agrave;lia. El lloc web t&eacute; una gran quantitat de diferents jocs flash en l&iacute;nia que us ofereixen alguns dels principals desenvolupadors del mercat.<\/p>\n<h3>\n 21 DUCS<br>\n <\/h3>\n<p>   21 Dukes &eacute;s un dels llocs m&eacute;s interessants d&rsquo;Austr&agrave;lia. Compta amb una extraordin&agrave;ria varietat de jocs de pokie retro, a m&eacute;s d&rsquo;oferir al p&uacute;blic una s&egrave;rie dels nous videojocs m&eacute;s populars. Tamb&eacute; t&eacute; alguns pokies amb una excel&middot;lent taxa de pagament.<\/p>\n<h3>\n KAHUNA<br>\n <\/h3>\n<p>   Kahuna &eacute;s un lloc alt pel que fa a jugar a pokies. El lloc funciona amb el tipus de Micrograming, NetEnt i molts altres desenvolupadors ben establerts per oferir als seus jugadors una experi&egrave;ncia de joc perfecta.<\/p>\n<h3>\n PLAYAMO<br>\n <\/h3>\n<p>   L&rsquo;assortiment de piquets en l&iacute;nia de PlayAmo far&agrave; que us faci aigua els ulls. El vostre lloc web t&eacute; una gamma incre&iuml;ble de diferents jocs en l&iacute;nia per jugar, que van ser desenvolupats per alguns dels noms m&eacute;s importants del mercat. Tamb&eacute; tenen una gamma brillant de pokies d&rsquo;alt RTP.<\/p>\n<h3>\n 7 girs<br>\n <\/h3>\n<p>   7 Spins &eacute;s un altre casino en l&iacute;nia brillant que &eacute;s popular a Austr&agrave;lia. T&eacute; una gran col&middot;lecci&oacute; de pokies a la web de desenvolupadors establerts i molts d&rsquo;aquests s&oacute;n pokies en l&iacute;nia amb el millor pagament.<\/p>\n<h3>\n POKIE POP<br>\n <\/h3>\n<p>   Pokie Pop &eacute;s un dels llocs d&rsquo;apostes en l&iacute;nia m&eacute;s colorits i innovadors disponibles a Austr&agrave;lia. El vostre lloc web inclou un tema d&rsquo;art pop que li proporciona una est&egrave;tica brillant i amigable. Tanmateix, no &eacute;s gaire el truc i t&eacute; una de les millors seleccions de pokies en l&iacute;nia que es poden obtenir a la regi&oacute;.<\/p>\n<h3>\n SALA JOKA<br>\n <\/h3>\n<p>   Joka Room es troba entre els millors llocs de jocs en l&iacute;nia que es poden obtenir a Austr&agrave;lia ara mateix. Armat amb una est&egrave;tica incre&iuml;ble i una excel&middot;lent opci&oacute; de jocs de pokie per arrencar, Joka Room fins i tot ofereix alguns jocs que ofereixen als seus jugadors un gran pagament fant&agrave;stic.<br>\n <b><br>\n Les nostres valoracions es deriven de la informaci&oacute; dels casinos i dels jugadors. Us agrada el nostre proc&eacute;s de revisi&oacute;? Visiteu&nbsp;guia d&rsquo;explicaci&oacute;.<br>\n <\/b><\/p>\n<h3 id=\"2022\">\n CASINO EN L&Iacute;NIA DE PAGOS MILLOR AUSTRALIA 2026<br>\n <\/h3>\n<div class=\"tg-wrap\">\n<table border=\"1\">\n<tbody>\n<tr>\n<td>\n<p> <strong><br>\n Classificaci&oacute;<br>\n <\/strong><\/p>\n<\/td>\n<td>\n<p> <strong><br>\n Casino<br>\n <\/strong><\/p>\n<\/td>\n<td>\n<p> <strong><br>\n Taxa de pagament aproximada<br>\n <\/strong><\/p>\n<\/td>\n<\/tr>\n<tr>\n<td>\n #1\n <\/td>\n<td>\n Coet\n <\/td>\n<td>\n ~98,4%\n <\/td>\n<\/tr>\n<tr>\n<td>\n #2\n <\/td>\n<td>\n Samurai gira\n <\/td>\n<td>\n ~98%\n <\/td>\n<\/tr>\n<tr>\n<td>\n #3\n <\/td>\n<td>\n Pagament r&agrave;pid\n <\/td>\n<td>\n ~97,8%\n <\/td>\n<\/tr>\n<tr>\n<td>\n #4\n <\/td>\n<td>\n Parimat\n <\/td>\n<td>\n ~97,5%\n <\/td>\n<\/tr>\n<tr>\n<td>\n #5\n <\/td>\n<td>\n Casino4U\n <\/td>\n<td>\n ~96%\n <\/td>\n<\/tr>\n<tr>\n<td>\n #6\n <\/td>\n<td>\n Cobra\n <\/td>\n<td>\n ~96%\n <\/td>\n<\/tr>\n<tr>\n<td>\n #7\n <\/td>\n<td>\n 7 bits\n <\/td>\n<td>\n ~95%\n <\/td>\n<\/tr>\n<\/tbody>\n<\/table><\/div>\n<\/div>\n<\/div>\n<\/div>\n<\/div>\n<div class=\"jfadfec jfade0e\">\n<div class=\"jfadf87\">\n<div class=\"jfadbb4 jfad1bc6\">\n<div class=\"jfaddf3\">\n<p class=\"jfad2844 jfad0dc\">\n<\/p><p> <img decoding=\"async\" src=\"https:\/\/gamble-online-aus.org\/wp-content\/uploads\/2022\/02\/highest-paying-casinos.png\"><\/p>\n<h3 id=\"3\">\n AVANTATGES DE LES POKIES EN L&Iacute;NIA<br>\n <\/h3>\n<p>   A la web els pokies estan de moda avui dia. Enrere han quedat els dies en qu&egrave; heu de fer un viatge al casino despr&eacute;s del qual espereu que alg&uacute; m&eacute;s completi el vostre favorit i nom&eacute;s ho proveu. A les m&agrave;quines escurabutxaques web han fet que tot el conjunt sigui incre&iuml;blement convenient, tamb&eacute; ens han fet moltes opcions. La majoria de llocs ara oferiran una gran selecci&oacute; de diferents pokies per utilitzar i, per tant, podeu trobar el pokie en l&iacute;nia perfecte per a vosaltres.<\/p>\n<ul>\n<li>\n comoditat,\n <\/li>\n<li>\n Gr&agrave;fics sucosos,\n <\/li>\n<li>\n &agrave;mplia elecci&oacute;,\n <\/li>\n<li>\n Compatibilitat amb dispositius moderns,\n <\/li>\n<li>\n Regles senzilles.\n <\/li>\n<\/ul>\n<h3 id=\"4\">\n DESAVANTATGES DE LES POKIES EN L&Iacute;NIA<br>\n <\/h3>\n<p>   Siguem sincers, les tragamonedas s&oacute;n molt divertides. S&oacute;n colorits, innovadors i guanyar&agrave;s molts diners en efectiu: qu&egrave; no t&rsquo;agrada mai? B&eacute;, tenen alguns inconvenients. El risc m&eacute;s gran que acompanyen les m&agrave;quines escurabutxaques web, com passa amb qualsevol tipus de joc, &eacute;s que algunes persones puguin lluitar per aturar-se i jugar de manera responsable. Significativament m&eacute;s que qualsevol altre joc, els pokies poden dependre simplement de la sort, per descomptat, si est&agrave;s experimentant una bona ratxa de vict&ograve;ries, &eacute;s possible conv&egrave;ncer-te que d&rsquo;alguna manera ets bo en el joc en general.<br>\n <img decoding=\"async\" src=\"https:\/\/gamble-online-aus.org\/wp-content\/uploads\/2022\/02\/best-paying-pokies.png\"><\/p>\n<div class=\"tg-wrap\">\n<table>\n<tbody>\n<tr>\n<td>\n<p> <strong><br>\n Pokie en l&iacute;nia<br>\n <\/strong><\/p>\n<\/td>\n<td>\n<p> <strong><br>\n Percentatge de pagament (%)<br>\n <\/strong><\/p>\n<\/td>\n<td>\n<p> <strong><br>\n Desenvolupador<br>\n <\/strong><\/p>\n<\/td>\n<\/tr>\n<tr>\n<td>\n Ugga Bugga\n <\/td>\n<td>\n 99,07%\n <\/td>\n<td>\n Playtech\n <\/td>\n<\/tr>\n<tr>\n<td>\n 1429 Uncharted Seas\n <\/td>\n<td>\n 98,5%\n <\/td>\n<td>\n THUNDERKICK\n <\/td>\n<\/tr>\n<tr>\n<td>\n xucladores de sang\n <\/td>\n<td>\n 98%\n <\/td>\n<td>\n NETENT\n <\/td>\n<\/tr>\n<tr>\n<td>\n Roman&ccedil; Immortal\n <\/td>\n<td>\n 96,96%\n <\/td>\n<td>\n MicroGaming\n <\/td>\n<\/tr>\n<tr>\n<td>\n Carnaval\n <\/td>\n<td>\n 96,94%\n <\/td>\n<td>\n MicroGaming\n <\/td>\n<\/tr>\n<tr>\n<td>\n Noi de l&rsquo;infern\n <\/td>\n<td>\n 96,5%\n <\/td>\n<td>\n MicroGaming\n <\/td>\n<\/tr>\n<tr>\n<td>\n Dol&ccedil; 16\n <\/td>\n<td>\n 96,3%\n <\/td>\n<td>\n RTG\n <\/td>\n<\/tr>\n<tr>\n<td>\n Carregat\n <\/td>\n<td>\n 96,2%\n <\/td>\n<td>\n MicroGaming\n <\/td>\n<\/tr>\n<tr>\n<td>\n Gran Kahuna\n <\/td>\n<td>\n 96,16%\n <\/td>\n<td>\n MicroGaming\n <\/td>\n<\/tr>\n<tr>\n<td>\n Cash Vegas\n <\/td>\n<td>\n 96,03%\n <\/td>\n<td>\n Saucificar\n <\/td>\n<\/tr>\n<tr>\n<td>\n Hitman\n <\/td>\n<td>\n 95,81%\n <\/td>\n<td>\n MicroGaming\n <\/td>\n<\/tr>\n<tr>\n<td>\n Ciutat d&rsquo;Or\n <\/td>\n<td>\n 95,58%\n <\/td>\n<td>\n Saucificar\n <\/td>\n<\/tr>\n<tr>\n<td>\n Cash Bandits 2\n <\/td>\n<td>\n 95,3%\n <\/td>\n<td>\n RTG\n <\/td>\n<\/tr>\n<tr>\n<td>\n Bot&iacute; de fruites\n <\/td>\n<td>\n 95%\n <\/td>\n<td>\n WGS\n <\/td>\n<\/tr>\n<tr>\n<td>\n Tresor del Nil\n <\/td>\n<td>\n 92,11%\n <\/td>\n<td>\n Rival\n <\/td>\n<\/tr>\n<\/tbody>\n<\/table><\/div>\n<h4>\n<\/h4><p> <strong><br>\n 1&#65039;&#8419; ROM&Agrave;NCIA IMMORTAL (PERCENTATGE DE PAGAMENT: 96,96%)<br>\n <\/strong><\/p>\n\n<p>   Immortal Romance &eacute;s un popular pokie amb un gran pagament que va ser desenvolupat per Microgaming. El joc est&agrave; disponible a molts llocs diferents i destaca per tenir un alt rendiment al jugador. La ranura t&eacute; un RTP del 96, 86%, que &eacute;s un dels molts m&eacute;s alts en venda a Austr&agrave;lia. <\/p>\n<h4>\n<\/h4><p> <strong><br>\n 2&#65039;&#8419; CARNAVAL (PERCENTATGE DE PAGAMENT &ndash; 96,94%)<br>\n <\/strong><\/p>\n\n<p>   El carnaval tamb&eacute; &eacute;s molt popular a Austr&agrave;lia. L&rsquo;escurabutxaques de tem&agrave;tica del carnaval &eacute;s una altra feta per Microgaming. Tamb&eacute; ofereix un pagament superior amb un RTP del 96, 94%, que ser&agrave; un altre motiu de la seva demanda.<\/p>\n<h4>\n<\/h4><p> <strong><br>\n 3&#65039;&#8419; HELLBOY (PERCENTATGE DE PAGAMENT: 96,5%)<br>\n <\/strong><\/p>\n\n<p>   Basada en el popular personatge Hellboy, aquesta ranura &eacute;s una de les millors del mercat pel que fa a un bon RTP. El v&iacute;deo pokie de 20 l&iacute;nies de pagament va ser desenvolupat per Microgaming i t&eacute; un RTP impressionant del 96,5%, el que el situa all&agrave; mateix com el millor del mercat australi&agrave;.<\/p>\n<h4>\n<\/h4><p> <strong><br>\n 4&#65039;&#8419; CARREGAT (PERCENTATGE DE PAGAMENT: 96,2%)<br>\n <\/strong><\/p>\n\n<p>   Carregat hi ha cinc rodets i 25 l&iacute;nies de pagament per l&rsquo;equip de Microgaming. L&rsquo;escurabutxaques t&eacute; un tema ric en efectiu i pot ser incre&iuml;blement divertit de jugar. A m&eacute;s, a m&eacute;s, t&eacute; un RTP excepcional del 96,2%, el que significa que tens una excel&middot;lent possibilitat de guanyar diners amb aquest.<\/p>\n<h4>\n<\/h4><p> <strong><br>\n 5&#65039;&#8419; BIG KAHUNA (PERCENTATGE DE PAGAMENT &ndash; 96,16%)<br>\n <\/strong><\/p>\n\n<p>   El Big Kahuna fa honor al seu nom. &Eacute;s una escurabutxaques de 9 l&iacute;nies de pagament desenvolupada per Microgaming. El joc general tamb&eacute; &eacute;s molt gener&oacute;s i inclou un RTP agradable de 96, 16%.<\/p>\n<h4>\n<\/h4><p> <strong><br>\n 6&#65039;&#8419; HITMAN (PERCENTATGE DE PAGAMENT: 95,81%)<br>\n <\/strong><\/p>\n\n<p>   Hitman &eacute;s un joc excel&middot;lent que es basa en la ic&ograve;nica franqu&iacute;cia de jocs Hitman. L&rsquo;escurabutxaques &eacute;s una altra desenvolupada per Microgaming i t&eacute; cinc rodets i 15 l&iacute;nies de pagament. Com totes les m&agrave;quines escurabutxaques d&rsquo;aquesta llista, compta amb un RTP extraordinari del 95, 81%, cosa que el converteix en un dels millors pagaments en l&iacute;nia.<\/p>\n<h4>\n<\/h4><p> <strong><br>\n 7&#65039;&#8419; CIUTAT D&rsquo;OR (PERCENTATGE DE PAGAMENT: 95,58%)<br>\n <\/strong><\/p>\n\n<p>   City of Gold &eacute;s una altra tragamonedas de primera l&iacute;nia que es pot jugar a Austr&agrave;lia. T&eacute; un RTP impressionant del 95,58% i, per tant, us ofereix moltes possibilitats de guanyar diners en efectiu. <img decoding=\"async\" src=\"https:\/\/gamble-online-aus.org\/wp-content\/uploads\/2022\/02\/high-rtp-slots.png\"><\/p>\n<h3 id=\"6\">\n LLISTA DE NOUS POKIES EN L&Iacute;NIA MILLOR PAGAMENT<br>\n <\/h3>\n<div class=\"tg-wrap\">\n<table>\n<tbody>\n<tr>\n<td>\n<p> <strong><br>\n Pokie en l&iacute;nia<br>\n <\/strong><\/p>\n<\/td>\n<td>\n<p> <strong><br>\n Percentatge de pagament (%)<br>\n <\/strong><\/p>\n<\/td>\n<td>\n<p> <strong><br>\n Desenvolupador<br>\n <\/strong><\/p>\n<\/td>\n<\/tr>\n<tr>\n<td>\n Big Bass Bonanza\n <\/td>\n<td>\n 96,71%\n <\/td>\n<td>\n Joc pragm&agrave;tic\n <\/td>\n<\/tr>\n<tr>\n<td>\n Dol&ccedil;a Bonanza\n <\/td>\n<td>\n 96,48%\n <\/td>\n<td>\n Joc pragm&agrave;tic\n <\/td>\n<\/tr>\n<tr>\n<td>\n Starburst Xtreme\n <\/td>\n<td>\n 96,26%\n <\/td>\n<td>\n NETENT\n <\/td>\n<\/tr>\n<tr>\n<td>\n Cornes d&rsquo;Or\n <\/td>\n<td>\n 96,26%\n <\/td>\n<td>\n BETSOFT\n <\/td>\n<\/tr>\n<tr>\n<td>\n Charlie Chance\n <\/td>\n<td>\n 96,25%\n <\/td>\n<td>\n Play&rsquo;N Go\n <\/td>\n<\/tr>\n<tr>\n<td>\n Joker de gel\n <\/td>\n<td>\n 96,23%\n <\/td>\n<td>\n Play&rsquo;N Go\n <\/td>\n<\/tr>\n<tr>\n<td>\n Drac 24K\n <\/td>\n<td>\n 96,20%\n <\/td>\n<td>\n Play&rsquo;N Go\n <\/td>\n<\/tr>\n<tr>\n<td>\n Pirates 2 Mot&iacute;\n <\/td>\n<td>\n 96,20%\n <\/td>\n<td>\n Yggdrasil\n <\/td>\n<\/tr>\n<tr>\n<td>\n Crystal Quest: Arcane Tower\n <\/td>\n<td>\n 96,17%\n <\/td>\n<td>\n THUNDERKICK\n <\/td>\n<\/tr>\n<tr>\n<td>\n Beat the Beast: Griffin&rsquo;s Gold\n <\/td>\n<td>\n 96,12%\n <\/td>\n<td>\n THUNDERKICK\n <\/td>\n<\/tr>\n<tr>\n<td>\n Divine Fortune MegaWays\n <\/td>\n<td>\n 96,09%\n <\/td>\n<td>\n Netent, BTG\n <\/td>\n<\/tr>\n<tr>\n<td>\n Parten&oacute;: la recerca de la immortalitat\n <\/td>\n<td>\n 96,03%\n <\/td>\n<td>\n NETENT\n <\/td>\n<\/tr>\n<tr>\n<td>\n Cash Bandits 3\n <\/td>\n<td>\n 96%\n <\/td>\n<td>\n RTG\n <\/td>\n<\/tr>\n<tr>\n<td>\n BountyPop\n <\/td>\n<td>\n 96%\n <\/td>\n<td>\n Yggdrasil\n <\/td>\n<\/tr>\n<tr>\n<td>\n Riches of Midgard: Land and Expand\n <\/td>\n<td>\n 96%\n <\/td>\n<td>\n NETENT\n <\/td>\n<\/tr>\n<\/tbody>\n<\/table><\/div>\n<section class=\"jfadd164\">\n<div class=\"jfad647b\">\n<h3 id=\"myths\">\n MITES COMUNS SOBRE LES POKIES EN L&Iacute;NIA A AUSTRALIA<br>\n <\/h3>\n<h4>\n MITE 1. TOTS ELS PIQUETS EN L&Iacute;NIA EST&Agrave; AMINATS I PERILLOSOS PER JUGAR!<br>\n <\/h4>\n<p>   Els pokies en l&iacute;nia desenvolupats per operadors amb llic&egrave;ncia s&oacute;n provats per organitzacions particulars (eCOGRA) i no es poden manipular. Els pokies en l&iacute;nia amb llic&egrave;ncia utilitzen un generador de RNG i no es poden manipular ni tan sols te&ograve;ricament.<\/p>\n<h4>\n MITE 2. A AUSTRALIA ESTAN PROHIBITS LES POKIES EN L&Iacute;NEA.<br>\n <\/h4>\n<p>   Segons la Llei de jocs d&rsquo;atzar interactius de 2001, els casinos en l&iacute;nia allotjats a Austr&agrave;lia s&oacute;n il&middot;legals i prohibits. Per&ograve; els operadors de jocs d&rsquo;atzar internacionals estan permesos.<\/p>\n<h4>\n MITE 3. A AUSTRALIA NO HI HA POKIES LEGALS EN L&Iacute;NIA.<br>\n <\/h4>\n<p>   Aquest mite &eacute;s en part cert a causa de la Llei de jocs d&rsquo;atzar interactius de 2001. No trobareu cap australi&agrave; als casinos web amb una llic&egrave;ncia local, per&ograve; molts operadors estrangers tenen una llic&egrave;ncia global com MGA o Curacao.\n <\/p><\/div>\n<\/section>\n<section class=\"jfadd164\">\n<h2 class=\"jfad486a\">\n NOU MILLOR PAGAMENT CASINO EN L&Iacute;NIA AUSTRALIA<br>\n <\/h2>\n<p> <img decoding=\"async\" src=\"https:\/\/gamble-online-aus.org\/wp-content\/uploads\/2022\/02\/bao_casino-1.png\"><\/p>\n<p> <img decoding=\"async\" src=\"https:\/\/gamble-online-aus.org\/wp-content\/uploads\/2022\/02\/casitsu-casino.png\"><\/p>\n<p> <img decoding=\"async\" src=\"https:\/\/gamble-online-aus.org\/wp-content\/uploads\/2022\/02\/joe_fortune.png\"><\/p>\n<section class=\"jfadd164\">\n<div class=\"jfad647b\">\n<h3 id=\"7\">\n DESENVOLUPADORS POKIES EN L&Iacute;NIA POPULARS A AUSTRALIA<br>\n <\/h3>\n<ul>\n<li>\n NetEnt,\n <\/li>\n<li>\n Habanero,\n <\/li>\n<li>\n Quickspin,\n <\/li>\n<li>\n RTG,\n <\/li>\n<li>\n Microgaming,\n <\/li>\n<li>\n Jugar i anar,\n <\/li>\n<li>\n Evolution Gaming,\n <\/li>\n<li>\n Red Tiger Gaming,\n <\/li>\n<li>\n Yggdrasil Gaming,\n <\/li>\n<li>\n IGT,\n <\/li>\n<li>\n Novomatic. <\/li>\n<\/ul>\n<h3 id=\"best-pokies-2022\">\n MILLOR POKIES EN L&Iacute;NIA AUSTRALIA 2026, TOP-21<br>\n <\/h3>\n<div class=\"tg-wrap\">\n<table border=\"1\">\n<tbody>\n<tr>\n<td>\n<p> <strong><br>\n Classificaci&oacute;<br>\n <\/strong><\/p>\n<\/td>\n<td>\n<p> <strong><br>\n Pokie<br>\n <\/strong><\/p>\n<\/td>\n<td>\n<p> <strong><br>\n Taxa RTP<br>\n <\/strong><\/p>\n<\/td>\n<\/tr>\n<tr>\n<td>\n #1\n <\/td>\n<td>\n El tresor del llop\n <\/td>\n<td>\n 96%\n <\/td>\n<\/tr>\n<tr>\n<td>\n #2\n <\/td>\n<td>\n La fortuna de Caishen\n <\/td>\n<td>\n 97,08%\n <\/td>\n<\/tr>\n<tr>\n<td>\n #3\n <\/td>\n<td>\n Sol d&rsquo;Egipte\n <\/td>\n<td>\n 95,98%\n <\/td>\n<\/tr>\n<tr>\n<td>\n #4\n <\/td>\n<td>\n Gran panda: aguanta i guanya\n <\/td>\n<td>\n 95,20%\n <\/td>\n<\/tr>\n<tr>\n<td>\n #5\n <\/td>\n<td>\n 243 Fruites de cristall invertides\n <\/td>\n<td>\n 96%\n <\/td>\n<\/tr>\n<tr>\n<td>\n #6\n <\/td>\n<td>\n D&eacute;us Vs Titans\n <\/td>\n<td>\n No s&rsquo;indica\n <\/td>\n<\/tr>\n<tr>\n<td>\n #7\n <\/td>\n<td>\n Pl&agrave;tans en auge\n <\/td>\n<td>\n 96,55%\n <\/td>\n<\/tr>\n<tr>\n<td>\n #8\n <\/td>\n<td>\n La bella i la B&egrave;stia\n <\/td>\n<td>\n 96,6%\n <\/td>\n<\/tr>\n<tr>\n<td>\n #9\n <\/td>\n<td>\n Dragon Wilds\n <\/td>\n<td>\n No s&rsquo;indica\n <\/td>\n<\/tr>\n<tr>\n<td>\n #10\n <\/td>\n<td>\n VIP Filthy Riches\n <\/td>\n<td>\n 95,2%\n <\/td>\n<\/tr>\n<tr>\n<td>\n #11\n <\/td>\n<td>\n La reina i els dracs\n <\/td>\n<td>\n 96,47%\n <\/td>\n<\/tr>\n<tr>\n<td>\n #12\n <\/td>\n<td>\n Vena d&rsquo;or\n <\/td>\n<td>\n 95,3%\n <\/td>\n<\/tr>\n<tr>\n<td>\n #13\n <\/td>\n<td>\n Llibre dels gats\n <\/td>\n<td>\n 94,00%\n <\/td>\n<\/tr>\n<tr>\n<td>\n #14\n <\/td>\n<td>\n Tren dels diners\n <\/td>\n<td>\n 96,20%\n <\/td>\n<\/tr>\n<tr>\n<td>\n #15\n <\/td>\n<td>\n Milionari\n <\/td>\n<td>\n 96,27%\n <\/td>\n<\/tr>\n<tr>\n<td>\n #16\n <\/td>\n<td>\n Perles de drac: aguanta i guanya\n <\/td>\n<td>\n 95,01%\n <\/td>\n<\/tr>\n<tr>\n<td>\n #17\n <\/td>\n<td>\n Larry el duende\n <\/td>\n<td>\n 96,47%\n <\/td>\n<\/tr>\n<tr>\n<td>\n #18\n <\/td>\n<td>\n Llamp de foc\n <\/td>\n<td>\n 97,61%\n <\/td>\n<\/tr>\n<tr>\n<td>\n #19\n <\/td>\n<td>\n Perill! Alt voltatge\n <\/td>\n<td>\n 95,67%\n <\/td>\n<\/tr>\n<tr>\n<td>\n #20\n <\/td>\n<td>\n 3 Bruixes\n <\/td>\n<td>\n 96,2%\n <\/td>\n<\/tr>\n<tr>\n<td>\n #21\n <\/td>\n<td>\n Bobines de xocolata\n <\/td>\n<td>\n 96,22%\n <\/td>\n<\/tr>\n<\/tbody>\n<\/table><\/div>\n<h3 id=\"best-casinos-2022\">\n MILLORS CASINOS EN L&Iacute;NIA AUSTRALIA 2026, TOP-10<br>\n <\/h3>\n<div class=\"tg-wrap\">\n<table border=\"1\">\n<tbody>\n<tr>\n<td>\n<p> <strong><br>\n Classificaci&oacute;<br>\n <\/strong><\/p>\n<\/td>\n<td>\n<p> <strong><br>\n Casino en l&iacute;nia<br>\n <\/strong><\/p>\n<\/td>\n<td>\n<p> <strong><br>\n Bonificaci&oacute;<br>\n <\/strong><\/p>\n<\/td>\n<\/tr>\n<tr>\n<td>\n #1\n <\/td>\n<td>\n Coet\n <\/td>\n<td>\n $ 2500 + 100 FS\n <\/td>\n<\/tr>\n<tr>\n<td>\n #2\n <\/td>\n<td>\n Parimatchwin\n <\/td>\n<td>\n $1250 + 325 FS\n <\/td>\n<\/tr>\n<tr>\n<td>\n #3\n <\/td>\n<td>\n Samurai gira\n <\/td>\n<td>\n $5700 + 75 FS\n <\/td>\n<\/tr>\n<tr>\n<td>\n #4\n <\/td>\n<td>\n Ozwin\n <\/td>\n<td>\n $2000 + 50 FS\n <\/td>\n<\/tr>\n<tr>\n<td>\n #5\n <\/td>\n<td>\n Cobra\n <\/td>\n<td>\n $1550 + 300 FS\n <\/td>\n<\/tr>\n<tr>\n<td>\n #6\n <\/td>\n<td>\n Pagament r&agrave;pid\n <\/td>\n<td>\n 150&nbsp;$ + 100&nbsp;FS\n <\/td>\n<\/tr>\n<tr>\n<td>\n #7\n <\/td>\n<td>\n Casino4U\n <\/td>\n<td>\n 150&nbsp;$ + 100&nbsp;FS\n <\/td>\n<\/tr>\n<tr>\n<td>\n #8\n <\/td>\n<td>\n Nacional\n <\/td>\n<td>\n 500&nbsp;$ + 100&nbsp;FS\n <\/td>\n<\/tr>\n<tr>\n<td>\n #9\n <\/td>\n<td>\n 7 bits\n <\/td>\n<td>\n 500&nbsp;$ + 100&nbsp;FS\n <\/td>\n<\/tr>\n<tr>\n<td>\n #10\n <\/td>\n<td>\n iLucki\n <\/td>\n<td>\n 500&nbsp;$ + 100&nbsp;FS\n <\/td>\n<\/tr>\n<\/tbody>\n<\/table><\/div>\n<h2>\n PREGUNTES PREGUNTIVES SOBRE LES MILLORS POKIES EN L&Iacute;NIA DE PAGAMENT<br>\n <\/h2>\n<h3>\n LES POKIES EN L&Iacute;NIA SON LEGALS A AUSTRALIA?<br>\n <\/h3>\n<p>   Els pokies en l&iacute;nia s&oacute;n totalment legals a Austr&agrave;lia. Tot el que heu de fer per garantir la vostra seguretat &eacute;s sempre assegurar-vos que el lloc on els esteu jugant estigui totalment autoritzat i regulat. &Ograve;bviament, tamb&eacute; hi ha restriccions d&rsquo;edat per jugar a la xarxa m&ograve;bils i jugar en general.<\/p>\n<h3>\n QUINS S&Oacute;N ELS MILLORS POKIES EN L&Iacute;NIA A AUSTRALIA?<br>\n <\/h3>\n<p>   Pregunta complicada. Segons els nostres coneixements, Wolf Run, fabricat per IGT, pot ser el pokie en l&iacute;nia preferit d&rsquo;Aussie.<\/p>\n<h3>\n ELS CASINOS EN L&Iacute;NIA REALMENT PAGEN?<br>\n <\/h3>\n<p>   S&iacute;! Els casinos en l&iacute;nia amb llic&egrave;ncia han de pagar els guanys dels seus jugadors. En el cas del casino sense llic&egrave;ncia, la sol&middot;licitud de pagament podria ser rebutjada.<\/p>\n<h3>\n QUINS CASINOS EN L&Iacute;NIA PAGUEN REALMENT A AUSTRALIA? <\/h3>\n<p>   D&rsquo;acord amb les dades m&eacute;s recents, tots els casinos web amb llic&egrave;ncia de Cura&ccedil;ao guanyen pel que fa a proporcionar tots els documents necessaris.\n <\/p><\/div>\n<\/section>\n<\/section><\/div>\n<\/div>\n<\/div>\n<\/div>\n<\/div>\n<\/section>\n","protected":false},"excerpt":{"rendered":"<p>La taxa de pagament del casino &eacute;s l&rsquo;&agrave;rea principal a analitzar per a tots els jugadors australians que busquen el millor casino en l&iacute;nia de pagament per gastar una mica de massa. Per tant, com obtenir aquesta informaci&oacute;? La mateixa pregunta s&rsquo;adre&ccedil;a a la taxa de pagament de pokies. Cada lloc de casino mostra un&hellip;&nbsp;<a href=\"https:\/\/gamble-online-aus.org\/can\/best-payout-pokies-2-2\/\" class=\"\" rel=\"bookmark\">Read More &raquo;<span class=\"screen-reader-text\">POKIES EN L\u00cdNIA MILLOR PAGAMENT, CASINO EN L\u00cdNIA AUSTRALIAN\u00c7 MILLOR PAGAMENT EL 2023<\/span><\/a><\/p>\n","protected":false},"author":1,"featured_media":0,"parent":0,"menu_order":0,"comment_status":"closed","ping_status":"closed","template":"","meta":{"neve_meta_sidebar":"","neve_meta_container":"","neve_meta_enable_content_width":"","neve_meta_content_width":0,"neve_meta_title_alignment":"","neve_meta_author_avatar":"","neve_post_elements_order":"","neve_meta_disable_header":"","neve_meta_disable_footer":"","neve_meta_disable_title":"","footnotes":""},"class_list":["post-2994","page","type-page","status-publish","hentry"],"_links":{"self":[{"href":"https:\/\/gamble-online-aus.org\/can\/wp-json\/wp\/v2\/pages\/2994","targetHints":{"allow":["GET"]}}],"collection":[{"href":"https:\/\/gamble-online-aus.org\/can\/wp-json\/wp\/v2\/pages"}],"about":[{"href":"https:\/\/gamble-online-aus.org\/can\/wp-json\/wp\/v2\/types\/page"}],"author":[{"embeddable":true,"href":"https:\/\/gamble-online-aus.org\/can\/wp-json\/wp\/v2\/users\/1"}],"replies":[{"embeddable":true,"href":"https:\/\/gamble-online-aus.org\/can\/wp-json\/wp\/v2\/comments?post=2994"}],"version-history":[{"count":0,"href":"https:\/\/gamble-online-aus.org\/can\/wp-json\/wp\/v2\/pages\/2994\/revisions"}],"wp:attachment":[{"href":"https:\/\/gamble-online-aus.org\/can\/wp-json\/wp\/v2\/media?parent=2994"}],"curies":[{"name":"wp","href":"https:\/\/api.w.org\/{rel}","templated":true}]}}