{"id":2987,"date":"2023-07-17T17:31:22","date_gmt":"2023-07-17T17:31:22","guid":{"rendered":"https:\/\/gamble-online-aus.org\/finding-the-best-15-minimum-deposit-online-casino-2\/"},"modified":"2023-07-17T17:31:22","modified_gmt":"2023-07-17T17:31:22","slug":"finding-the-best-15-minimum-deposit-online-casino-2","status":"publish","type":"page","link":"https:\/\/gamble-online-aus.org\/can\/finding-the-best-15-minimum-deposit-online-casino-2\/","title":{"rendered":"TROBAR EL MILLOR CASINO EN L\u00cdNIA DE DIp\u00f2sit M\u00cdNIM DE 15 $"},"content":{"rendered":"<?xml encoding=\"utf-8\" ?><br><section class=\"jfadd164\">\n<div class=\"jfad647b\">\n<h3>\n POPULARITAT DELS CASINOS EN L&Iacute;NIA A AUSTRALIA<br>\n <\/h3>\n<p> S&oacute;n populars els casinos en l&iacute;nia a Austr&agrave;lia? Potser esteu pensant en aquesta pregunta, tenint en compte com Austr&agrave;lia est&agrave; endurint la seva legislaci&oacute; sobre jocs d&rsquo;atzar. No us preocupeu: la ind&uacute;stria dels casinos est&agrave; viva i b&eacute;. Una regulaci&oacute; m&eacute;s gran implica que necessitareu ajuda per descobrir a quines plataformes podeu accedir. Segueix llegint la nostra guia completa per triar el millor casino de dip&ograve;sit m&iacute;nim de 15 d&ograve;lars.<\/p>\n<h2>\n ELS MILLORS CASINOS DE DIp&ograve;sit de 15 $ A AUSTRALIA<br>\n <\/h2>\n<p> Aqu&iacute; teniu les millors eleccions dels nostres editors. Cadascun pot ser un casino en l&iacute;nia amb un dip&ograve;sit m&iacute;nim de 15 d&ograve;lars amb moltes altres caracter&iacute;stiques destacades.<\/p>\n<table>\n<tbody>\n<tr>\n<td>\n<p> <strong><br>\n Casino<br>\n <\/strong><\/p>\n<\/td>\n<td>\n<p> <strong><br>\n Disponible a la UA?<br>\n <\/strong><\/p>\n<\/td>\n<td>\n<p> <strong><br>\n La nostra ressenya<br>\n <\/strong><\/p>\n<\/td>\n<\/tr>\n<tr>\n<td>\n Fair Go?\n <\/td>\n<td>\n S&iacute;\n <\/td>\n<td>\n Comproveu aqu&iacute;\n <\/td>\n<\/tr>\n<tr>\n<td>\n Kahuna\n <\/td>\n<td>\n S&iacute;\n <\/td>\n<td>\n Comproveu aqu&iacute;\n <\/td>\n<\/tr>\n<tr>\n<td>\n Juga a Amo\n <\/td>\n<td>\n S&iacute;\n <\/td>\n<td>\n Comproveu aqu&iacute;\n <\/td>\n<\/tr>\n<tr>\n<td>\n Pokie Spins\n <\/td>\n<td>\n S&iacute;\n <\/td>\n<td>\n Comproveu aqu&iacute;\n <\/td>\n<\/tr>\n<tr>\n<td>\n Casino Mate\n <\/td>\n<td>\n S&iacute;\n <\/td>\n<td>\n Comproveu aqu&iacute;\n <\/td>\n<\/tr>\n<tr>\n<td>\n Pucs de la part alta de la ciutat\n <\/td>\n<td>\n S&iacute;\n <\/td>\n<td>\n Comproveu aqu&iacute;\n <\/td>\n<\/tr>\n<tr>\n<td>\n Gat genial\n <\/td>\n<td>\n S&iacute;\n <\/td>\n<td>\n Comproveu aqu&iacute;\n <\/td>\n<\/tr>\n<tr>\n<td>\n Toro enfurismat\n <\/td>\n<td>\n S&iacute;\n <\/td>\n<td>\n Comproveu aqu&iacute;\n <\/td>\n<\/tr>\n<tr>\n<td>\n 21 ducs\n <\/td>\n<td>\n S&iacute;\n <\/td>\n<td>\n Comproveu aqu&iacute;\n <\/td>\n<\/tr>\n<tr>\n<td>\n 7 girs\n <\/td>\n<td>\n S&iacute;\n <\/td>\n<td>\n Comproveu aqu&iacute;\n <\/td>\n<\/tr>\n<tr>\n<td>\n Joc Aussie\n <\/td>\n<td>\n S&iacute;\n <\/td>\n<td>\n Comproveu aqu&iacute;\n <\/td>\n<\/tr>\n<tr>\n<td>\n Bondi Bet\n <\/td>\n<td>\n S&iacute;\n <\/td>\n<td>\n Comproveu aqu&iacute;\n <\/td>\n<\/tr>\n<tr>\n<td>\n apostar\n <\/td>\n<td>\n S&iacute;\n <\/td>\n<td>\n Comproveu aqu&iacute;\n <\/td>\n<\/tr>\n<\/tbody>\n<\/table>\n<h4>\n 1&#65039;&#8419; KAHUNA<br>\n <\/h4>\n<p> Kahuna inclou una gran varietat de jocs. Aquests inclouen cartes de diners reals, taula i cartes, aix&iacute; com bingo i targetes de rascar. La bonificaci&oacute; de benvinguda existent &eacute;s una bonificaci&oacute; de dip&ograve;sit del 100%, fins a 1.000 d&ograve;lars, i 20 girs gratu&iuml;ts (0, 10 d&ograve;lars cadascun). El requisit d&rsquo;aposta &eacute;s de 30x.<\/p>\n<h4>\n 2&#65039;&#8419; FAIR GO<br>\n <\/h4>\n<p> Fair Go &eacute;s un lloc web elegant dissenyat per australians i la seva moneda predeterminada &eacute;s&nbsp;AUD. Aquesta plataforma ofereix molts jocs de desenvolupadors de programari grans i petits. La seva selecci&oacute; de jocs de taula &eacute;s impressionant, incloent ofertes &uacute;niques com Pai Gow Poker i Vegas Three Card Rummy. La bonificaci&oacute; de benvinguda &eacute;s una coincid&egrave;ncia del 100%, fins a 200 d&ograve;lars, per als vostres primers cinc dip&ograve;sits. Requisit de reproducci&oacute; de 60 vegades.<\/p>\n<h4>\n 3&#65039;&#8419; JUGA A AMO<br>\n <\/h4>\n<p> Play Amo t&eacute; molts jocs de m&agrave;quines i jocs amb distribu&iuml;dor en directe, amb menys jocs de v&iacute;deo p&ograve;quer i de taula. La bonificaci&oacute; de benvinguda inclou una partida del 100% de 500 d&ograve;lars en el vostre propi primer dip&ograve;sit, 100 girs gratu&iuml;ts a Lucky Lady. Les 4 coincid&egrave;ncies posteriors del 50% us poden permetre obtenir 1.000 d&ograve;lars m&eacute;s. El requisit d&rsquo;aposta &eacute;s de 50x.<\/p>\n<h4>\n 4&#65039;&#8419; 21 DUCS<br>\n <\/h4>\n<p> 21 Dukes &eacute;s un dels casinos internacionals m&eacute;s populars. Disposen d&rsquo;una &agrave;mplia selecci&oacute; de jocs de noms reconeixibles: piquets, taula de menjador i cartes de&nbsp;MicroGaming,&nbsp;BETSOFT i Pragmatic. La seva promoci&oacute; de benvinguda inicial &eacute;s un complement del 200% a 2000 d&ograve;lars i 30 girs gratu&iuml;ts a qualsevol ranura de BetSoft. Als jugadors de recuperaci&oacute; els encantar&agrave; una partida del 675% dels seus primers cinc dip&ograve;sits, fins a 4750 d&ograve;lars i 150 girs gratu&iuml;ts. 35x joc.<\/p>\n<h4>\n 5&#65039;&#8419; 7 girs<br>\n <\/h4>\n<p> 7 Spins est&agrave; impulsat per BetSoft, Rival, Pragmatic i Visionary iGaming. Tot i que la seva col&middot;lecci&oacute; de jocs de cartes, taula de menjador i pokie &eacute;s excel&middot;lent, les seves ofertes de distribu&iuml;dors en directe a trav&eacute;s de Visionary s&oacute;n excel&middot;lents. El paquet de benvinguda &eacute;s similar a 21 Dukes. Coincid&egrave;ncia del 675% en els cinc primers dip&ograve;sits, 150 girs gratu&iuml;ts a les m&agrave;quines escurabutxaques de BetSoft i un requisit d&rsquo;apostes 35x.<\/p>\n<h4>\n 6&#65039;&#8419; BOU FABRIC<br>\n <\/h4>\n<p> Raging Bull inclou una selecci&oacute; completa de jocs de casino cl&agrave;ssics, incloses moltes opcions de v&iacute;deo p&ograve;quer i jackpot progressiu. Proporcionen una coincid&egrave;ncia il&middot;limitada del 200% en el vostre primer dip&ograve;sit i 100 girs gratu&iuml;ts per a m&agrave;quines escurabutxaques o keno. El seu joc &eacute;s nom&eacute;s 5x.<\/p>\n<h4>\n 7&#65039;&#8419; BONDI BET<br>\n <\/h4>\n<p> Finalment, Bondi Bet combina una llista de jocs fant&agrave;stica amb un paquet de benvinguda lucratiu. La seva llista de jocs inclou cartes, taula de menjador, m&agrave;quines escurabutxaques i jocs amb repartidors en directe. Aquests els donen Microgaming,&nbsp;NETENT, BetSoft i altres noms reconeixibles. La seva oferta introduct&ograve;ria &eacute;s una incre&iuml;ble partida potencial de 6750 d&ograve;lars en els vostres primers 3 dip&ograve;sits, juntament amb 150 girs gratu&iuml;ts i una jugada de 35 vegades.<\/p>\n<h3>\n COM AVALUEN ELS NOSTRES EDITORS CADA CASINO DE DIp&ograve;sit M&Iacute;NIM DE 15 $<br>\n <\/h3>\n<p> La nostra missi&oacute; &eacute;s oferir-te recomanacions per als&nbsp;millors llocs web d&rsquo;apostes disponibles. Els nostres editors exploren la selecci&oacute; de jocs, els requisits d&rsquo;apostes, els comentaris al web i les promocions que ofereix cada plataforma de jocs.\n <\/p><\/div>\n<\/section><section class=\"jfadd164\">\n<div class=\"jfadcb2 \">\n<div class=\"jfad456\">\n<dl class=\"active jfadb907 js-faq-block \" data-iterator=\"1\">\n<dt class=\"jfad3cc9 js-faq-question\">\n TIPUS D&rsquo;OFERTES DE BONUS DISPONIBLES\n <\/dt>\n<dd class=\"active jfad252 js-faq-answer\">\n Potser la manera m&eacute;s senzilla per a una plataforma de jocs de localitzar i retenir clients &eacute;s oferint bonificacions. Aquest tipus de promocions recompensen els nous jugadors o agraeixen als clients fidels. Ara tenim el detall de la generositat de cada lloc.\n <\/dd>\n<\/dl>\n<dl class=\"jfadb907 js-faq-block \" data-iterator=\"2\">\n<dt class=\"jfad3cc9 js-faq-question\">\n QUINS S&Oacute;N ELS REQUISITS D&rsquo;APOSTES?\n <\/dt>\n<\/dl>\n<dl class=\"jfadb907 js-faq-block \" data-iterator=\"3\">\n<dt class=\"jfad3cc9 js-faq-question\">\n QUINA LLISTA DE JOCS S&rsquo;OFEREIX?\n <\/dt>\n<\/dl>\n<dl class=\"jfadb907 js-faq-block \" data-iterator=\"4\">\n<dt class=\"jfad3cc9 js-faq-question\">\n QUINS COMENTARIS EN L&Iacute;NIA DONEN ELS CLIENTS?\n <\/dt>\n<\/dl><\/div>\n<\/div>\n<\/section><section class=\"jfadd164\">\n<div class=\"jfad647b\">\n<h3>\n AVANTATGES DELS JUEGOS A CASINOS DE DIp&ograve;sit de 15 $<br>\n <\/h3>\n<p> Aquests s&oacute;n els diferents avantatges que acompanyen les apostes en un casino de dip&ograve;sit m&iacute;nim de 15 d&ograve;lars:<\/p>\n<ul>\n<li>\n Poc comprom&iacute;s. Si no esteu acostumats a una plataforma de jocs, &eacute;s bo mirar i explorar un lloc abans d&rsquo;instal&middot;lar-vos. Un dip&ograve;sit de 15 d&ograve;lars us permet consultar el programari de jocs d&rsquo;apostes, la selecci&oacute; de jocs, l&rsquo;atenci&oacute; al client i molt m&eacute;s. Si esteu satisfet, sempre podeu fer un segon dip&ograve;sit m&eacute;s important\n <\/li>\n<li>\n F&agrave;cil pressupost. Quan dipositeu quantitats m&eacute;s baixes, pot ser m&eacute;s senzill controlar el vostre temps de joc. Podeu veure f&agrave;cilment les vostres vict&ograve;ries i derrotes. Quan &eacute;s el moment de fer un pas enrere i acabar la sessi&oacute; de joc, &eacute;s f&agrave;cil de fer.\n <\/li>\n<li>\n Bonificacions. Fins i tot si no us interessa ser un gran jugador, encara haur&iacute;eu de ser recompensat. Les plataformes de dip&ograve;sits m&eacute;s baixos (1&nbsp;$,&nbsp;5&nbsp;$ o&nbsp;10&nbsp;$) tenen bonificacions menys avantatjoses. En arribar a la marca de 15&nbsp;$, rebr&agrave;s una millor selecci&oacute; de&nbsp;bonificacions de benvinguda&nbsp;i promocions continuades.\n <\/li>\n<\/ul>\n<h3>\n INCONVENIENTS DELS APOSTES EN CASINOS DE DIp&ograve;sit DE 15 $<br>\n <\/h3>\n<ul>\n<li>\n Un petit nombre de casinos amb aquesta opci&oacute; de dip&ograve;sit,\n <\/li>\n<li>\n Hi ha menys m&egrave;todes bancaris disponibles,\n <\/li>\n<li>\n Els grans jackpots s&oacute;n gaireb&eacute; impossibles.\n <\/li>\n<\/ul>\n<p> Per descomptat, hi ha un parell d&rsquo;aspectes negatius. Tot i que tenen bonificacions de benvinguda, algunes d&rsquo;elles s&oacute;n menys generoses. Pot ser m&eacute;s dif&iacute;cil trobar 15 llocs de dip&ograve;sit que tamb&eacute; proporcionin una gran bonificaci&oacute;. En segon lloc, alguns llocs web poden tenir una selecci&oacute; de jocs restringida. Un casino en l&iacute;nia de dip&ograve;sit de 15 d&ograve;lars nom&eacute;s pot oferir jocs de taula o jocs de taula. M&eacute;s endavant, revelem aquelles plataformes amb les seleccions de jocs m&eacute;s &agrave;mplies disponibles.\n <\/p><\/div>\n<\/section><section class=\"jfadd164\">\n<div class=\"jfade27\">\n<div class=\"jfad0ae\">\n<div class=\"jfadaf9\">\n<div class=\"jfad259 jfad1ad jfad31f\">\n<div class=\"jfad89a jfad1bc6\">\n<div class=\"jfadd35\">\n<p> <img decoding=\"async\" class=\"lazyloaded\" src=\"https:\/\/gamble-online-aus.org\/wp-content\/uploads\/2022\/04\/Choy-Sun-Doa.png\" data-ll-status=\"loaded\"><\/p>\n<p> <img decoding=\"async\" src=\"https:\/\/gamble-online-aus.org\/wp-content\/uploads\/2022\/04\/Big-Red.png\"><\/p><\/div>\n<div class=\"jfaded3d\"><\/div>\n<\/div>\n<\/div>\n<div class=\"jfad259 jfad1ad jfad31f\">\n<div class=\"jfad89a jfad1bc6\">\n<div class=\"jfadd35\">\n<p> <img decoding=\"async\" class=\"lazyloaded\" src=\"https:\/\/gamble-online-aus.org\/wp-content\/uploads\/2022\/04\/Dolphin-Treasure.png\" data-ll-status=\"loaded\"><\/p>\n<p> <img decoding=\"async\" class=\"lazyloaded\" src=\"https:\/\/gamble-online-aus.org\/wp-content\/uploads\/2022\/04\/Lucky-88.png\" data-ll-status=\"loaded\"><\/p><\/div>\n<div><\/div>\n<\/div>\n<\/div>\n<div class=\"jfad259 jfad1ad jfad31f\">\n<div class=\"jfad89a jfad1bc6\">\n<div class=\"jfadd35\">\n<p> <img decoding=\"async\" class=\"lazyloaded\" src=\"https:\/\/gamble-online-aus.org\/wp-content\/uploads\/2022\/04\/More-Chilli.png\" data-ll-status=\"loaded\"><\/p>\n<p> <img decoding=\"async\" class=\"lazyloaded\" src=\"https:\/\/gamble-online-aus.org\/wp-content\/uploads\/2022\/04\/Mustang-Money.png\" data-ll-status=\"loaded\"><\/p><\/div>\n<div class=\"jfaded3d\"><\/div>\n<\/div>\n<\/div>\n<div class=\"jfad259 jfad1ad jfad31f\">\n<div class=\"jfad89a jfad1bc6\">\n<div class=\"jfaded3d\"><\/div>\n<\/div>\n<\/div>\n<\/div>\n<\/div>\n<\/div>\n<\/section><section class=\"jfadd164\">\n<div class=\"jfadcb2 \"><\/div>\n<\/section>\n","protected":false},"excerpt":{"rendered":"<p>POPULARITAT DELS CASINOS EN L&Iacute;NIA A AUSTRALIA S&oacute;n populars els casinos en l&iacute;nia a Austr&agrave;lia? Potser esteu pensant en aquesta pregunta, tenint en compte com Austr&agrave;lia est&agrave; endurint la seva legislaci&oacute; sobre jocs d&rsquo;atzar. No us preocupeu: la ind&uacute;stria dels casinos est&agrave; viva i b&eacute;. Una regulaci&oacute; m&eacute;s gran implica que necessitareu ajuda per descobrir&hellip;&nbsp;<a href=\"https:\/\/gamble-online-aus.org\/can\/finding-the-best-15-minimum-deposit-online-casino-2\/\" class=\"\" rel=\"bookmark\">Read More &raquo;<span class=\"screen-reader-text\">TROBAR EL MILLOR CASINO EN L\u00cdNIA DE DIp\u00f2sit M\u00cdNIM DE 15 $<\/span><\/a><\/p>\n","protected":false},"author":1,"featured_media":0,"parent":0,"menu_order":0,"comment_status":"closed","ping_status":"closed","template":"","meta":{"neve_meta_sidebar":"","neve_meta_container":"","neve_meta_enable_content_width":"","neve_meta_content_width":0,"neve_meta_title_alignment":"","neve_meta_author_avatar":"","neve_post_elements_order":"","neve_meta_disable_header":"","neve_meta_disable_footer":"","neve_meta_disable_title":"","footnotes":""},"class_list":["post-2987","page","type-page","status-publish","hentry"],"_links":{"self":[{"href":"https:\/\/gamble-online-aus.org\/can\/wp-json\/wp\/v2\/pages\/2987","targetHints":{"allow":["GET"]}}],"collection":[{"href":"https:\/\/gamble-online-aus.org\/can\/wp-json\/wp\/v2\/pages"}],"about":[{"href":"https:\/\/gamble-online-aus.org\/can\/wp-json\/wp\/v2\/types\/page"}],"author":[{"embeddable":true,"href":"https:\/\/gamble-online-aus.org\/can\/wp-json\/wp\/v2\/users\/1"}],"replies":[{"embeddable":true,"href":"https:\/\/gamble-online-aus.org\/can\/wp-json\/wp\/v2\/comments?post=2987"}],"version-history":[{"count":0,"href":"https:\/\/gamble-online-aus.org\/can\/wp-json\/wp\/v2\/pages\/2987\/revisions"}],"wp:attachment":[{"href":"https:\/\/gamble-online-aus.org\/can\/wp-json\/wp\/v2\/media?parent=2987"}],"curies":[{"name":"wp","href":"https:\/\/api.w.org\/{rel}","templated":true}]}}